*5/60 + 5*b**4/24 + b**3/2 + 11*b**2. Let u be m(-3). Calculate s(u).
1
Let l(y) = -y + 1. Suppose 4*z + 3*b - 28 = 0, -2*z = -0*z + 3*b - 20. Suppose -s + 2*s = z. Suppose 5*g - s*g - 5 = 0. Determine l(g).
-4
Let o = -17 + 19. Let s(r) = -o*r + r - r. Give s(-3).
6
Suppose -4*v + 20 = -3*z - 7, 4*z + 5*v + 67 = 0. Let c = -11 - z. Let n(o) be the second derivative of o**4/6 - o**3/3 + o**2/2 + o. What is n(c)?
5
Let g(q) be the first derivative of -q**4/4 + q**3/3 - 3*q**2/2 - 2*q - 292. Determine g(3).
-29
Let u(x) = -1750 + 877 + 3*x + 879. Give u(1).
9
Let b(d) = 34*d - 12. Let n(c) = 15*c - 6. Let l(a) = -4*b(a) + 9*n(a). What is l(-2)?
-4
Let n = -35 - -38. Suppose n*l = 8 - 2. Let j(p) = 7*p**2 - 6*p**2 - 2*p**l - 1 - 5 - 4*p. Calculate j(-4).
-6
Let p(q) be the second derivative of 5/12*q**4 - 29*q + 0 + 1/6*q**3 + 1/20*q**5 - q**2. Suppose 3*j + 4*c - 1 = 0, -4*j - c = 4*c. Determine p(j).
-7
Suppose 0*j + 3*j = -21. Let l(d) = 5*d + 7. Let k(u) be the first derivative of 3*u**2/2 + 3*u + 7. Let b(z) = j*k(z) + 4*l(z). Determine b(-5).
12
Let r be 6/12 - (-5)/(-20). Let w(c) be the second derivative of -r*c**4 - 12*c - 2*c**2 + 1/20*c**5 + 0 + 1/2*c**3. Calculate w(3).
5
Let j(x) = x - 1. Let m(u) = u**3 - 11*u**2 - 11*u - 10. Let i be m(12). Suppose -i*p + 1 = -9. What is j(p)?
4
Suppose 0*l + 2*v + 14 = 2*l, 3*v - 19 = -5*l. Suppose -l*a + 4 + 11 = 0. Let t(b) = -2*b**2 + 3 - 1 + a*b**2 + 9*b. What is t(-6)?
-16
Let z(r) = 4*r**3 - 2*r**2 + 4*r - 2. Suppose 99*f - 219 = -21. What is z(f)?
30
Let m(g) = -2*g. Let r(v) = 3*v + 1. Let u(z) = 5*m(z) + 3*r(z). Let a be (-13)/26*-2 - -3. Calculate u(a).
-1
Let t(j) = -2638 + 7*j**2 + 3*j**2 + 2638 + j. Let n = 1 + -2. Give t(n).
9
Let d(v) = -19*v - 277. Let l be d(-15). Let y(f) = -2*f + 14. Give y(l).
-2
Let v(y) = y**3 + 3*y**2 + y - 8. Let m(p) = -p**3 - p**2 + 1. Let z(c) = 2*m(c) + v(c). Let d(l) = -6*l - 13. Let w be d(-6). Let q = w + -23. Determine z(q).
-6
Let m(b) be the third derivative of -b**6/120 - b**5/30 - b**3/2 - 212*b**2. What is m(-3)?
6
Suppose -u - 3 = 0, 18*u = 3*q + 13*u - 6. Let s(g) = g**3 + 4*g**2 + 3*g. Calculate s(q).
0
Let j(l) = -l + 3. Suppose -5*v + 2*i + 510 = 5*i, -223 = -2*v - 5*i. Suppose 5*n + 119 = v. Give j(n).
7
Let g(c) = -3*c - 8 - 5 + 2*c + c**2. Let a be g(3). Let m(f) be the first derivative of -f**3/3 - 7*f**2/2 - 4*f - 2. Determine m(a).
-4
Let t(j) = -j**3 + 4*j**2 - 2*j - 3. Let l = -227 - -230. Give t(l).
0
Let f(v) be the first derivative of 1/3*v**3 - 41 - 11*v + 4*v**2. Calculate f(-9).
-2
Let x = 109 + -70. Let b = -36 + x. Let j(r) = 4 - b*r**2 - 14*r - 5*r + 16*r + r**3. Give j(3).
-5
Let p(z) = 3*z - 3. Let n(y) = -4*y + 3. Suppose -3*r = -4*s + 27, -5*r - 40 = -7*s + 2*s. Let c(a) = s*p(a) + 2*n(a). Suppose 17 = -4*j + 1. Calculate c(j).
-7
Suppose -4*d = -5 - 19. Let q(w) = -w**3 - 2*w**2 + 2*w + 10. Let s(c) = c**2 - 1. Let j(r) = d*s(r) + q(r). Give j(4).
12
Suppose 0 = 4*l + 16. Let s be (6 + l)*(-2)/4. Let m(x) = 2*x + 1. Let q be m(s). Let k(t) = 9*t**3 + 1. Calculate k(q).
-8
Let h be 11/((-11)/6) + 3. Let c(s) = 2 + 0*s**3 + 2*s**2 + s**3 + 1. Let t be c(h). Let v(f) = -f**3 - 7*f**2 - 8*f - 6. Give v(t).
6
Let o(b) = 126*b + 123. Let q be o(-1). Let k(z) = -z**3 - z**2 - z + 7. Give k(q).
28
Let c = 991 + -994. Let a(w) be the second derivative of w**4/12 + w**3/6 + w**2 - 2*w. Calculate a(c).
8
Let z be -1*(-2 - 12 - -2). Let h = 17 - z. Suppose 0 = h*r - 1 - 19. Let j(n) = n**2 - 6*n + 4. Calculate j(r).
-4
Let f(l) be the third derivative of -2*l**4/3 - 3*l**3/2 + 5*l**2 - 44. Determine f(-1).
7
Let j(r) = r + 1. Let w be j(0). Let d(g) = -3*g**2 + g + 4. Let t(z) = 3*z**2 - 2*z - 5. Let s = -101 + 97. Let q(c) = s*d(c) - 3*t(c). Give q(w).
4
Let g(o) be the third derivative of -5*o**4/24 - 5*o**3/6 + 210*o**2 - o. What is g(-7)?
30
Let w(x) = x - 4. Let s be 92/3*27/18. Suppose -4*u = -3*g - 0*g - 12, 4*g - s = -5*u. Calculate w(u).
2
Let c(d) = 14*d + 53. Let w(x) = -16*x - 64. Let f(p) = 6*c(p) + 5*w(p). Suppose 0 = 4*b - n + 4 + 6, 3*n = -3*b. What is f(b)?
-10
Let z(f) = -2 + 8 - 6*f + 2 + 2*f - 7. Give z(8).
-31
Let g(w) = -3*w**2 - 7*w + 11. Let r(m) = -m**2 - 2*m + 3. Let i(x) = 2*g(x) - 7*r(x). Calculate i(-1).
2
Let q = -774 - -768. Let k(c) = c**3 + 5*c**2 - 4*c + 12. Let b(v) = -1. Let x(m) = -4*b(m) - k(m). Calculate x(q).
4
Suppose 27 = 5*m - d, m = -4*d + 18 - 0. Let i(h) = -5*h - 12. Let j(v) = -27*v - 64. Let b(s) = -11*i(s) + 2*j(s). What is b(m)?
10
Let b(z) be the first derivative of -z**3/3 + 9*z**2/2 + 12*z - 293. Calculate b(11).
-10
Let h(p) = -5 - p**3 + p**2 + 3 - 3. Let v = -2329 - -2329. Calculate h(v).
-5
Let a(z) = z**3 + 1. Let i(f) = -5*f**2 + 5*f - 4. Let j be 5 + -6 + (2 - 1). Suppose 3*o - 4 + 1 = j. Let u(s) = o*a(s) + i(s). Determine u(3).
-6
Let s(l) = 10*l**3 + 0*l**3 + 10*l - 6*l**3 - 3*l**3 + 9*l**2 + 11. Suppose 0 = -6*y + 2*y - 32. Give s(y).
-5
Let q(p) = p**3 + 6*p**2 + 2*p - 5. Suppose 3*t - 19 - 21 = -5*f, 3*f = -5*t + 40. Suppose -4*m + 5*m + 3 = 0, -3*m + 11 = -t*i. Give q(i).
19
Let k(p) = 38 + 10*p**2 - 6*p**2 + 2*p**3 + 6*p**2 - 3*p**3 + 9*p - 22. Give k(11).
-6
Let d(q) = 0 + 5*q + 2 + 4 - 7. Let g(h) = h + 4. Let m be g(-3). Let x(a) = a**2 + a - 1. Let l(c) = m*d(c) - 2*x(c). Calculate l(3).
-8
Let j(k) = -k - 3. Let r be -26*(4/8)/(-1). Let f = 16 - r. Let a = -6 + f. Give j(a).
0
Suppose 7*y = -50*y + 342. Let d(f) = -f**2 + 4*f**2 - 2*f**2 - 6*f + 7. Determine d(y).
7
Let i(x) = 54*x - 44. Let q be i(1). Let w(f) = f - 8. Calculate w(q).
2
Let n(o) be the second derivative of o**8/6720 - o**7/840 - o**6/240 + o**5/120 + 11*o**4/12 + 13*o. Let u(p) be the third derivative of n(p). Calculate u(3).
-8
Let a = -46 - -32. Let o be (a/35)/((-4)/10). Let u(s) = 11*s**3 - 2*s**2 + 3*s - 2. Let b(q) = q**3 + q - 1. Let f(c) = -2*b(c) + u(c). Calculate f(o).
8
Let h(b) be the first derivative of 3/4*b**4 + 5/2*b**2 - 4 - 2*b - b**3. Let f(d) = -4*d**3 + 2*d**2 - 5*d + 3. Let q(w) = 2*f(w) + 3*h(w). Calculate q(4).
4
Let c(u) = 7*u**3 - u**2 - 2*u + 2. Let t(o) = -29*o**3 + 4*o**2 + 9*o - 9. Let z(m) = -9*c(m) - 2*t(m). Calculate z(-1).
6
Let c(z) = -3*z**2 + 19*z + 5. Let m(d) = d - 1. Let l(h) = c(h) + 4*m(h). Determine l(8).
-7
Suppose 7*k - 3*k = 0. Let t(r) = -r + k*r - r**2 + 0 + 0*r**2 + 2. Calculate t(-2).
0
Let g(k) be the first derivative of k**3/3 - 3*k**2 - 8*k - 32. Let m be 6*2/2 - (-2 + -1). Calculate g(m).
19
Let n(s) = -9*s**3 + s - 1. Suppose 0 = 4*r + 4*g, -3*r + 4 = -16*g + 15*g. Determine n(r).
-9
Let d be 1*(2 + 0 - 8) - 0. Let s(y) be the third derivative of -y**5/60 - y**4/4 - 3*y**3/2 - 8*y**2. Calculate s(d).
-9
Suppose 4*w - 6*w - r + 8 = 0, -4*r = 3*w - 12. Suppose 1 = h - 0*h - 2*o, 0 = -4*o + 8. Let i(z) = -3*z**2 - h*z + 3*z + z**3 - 2*z - 23 + 19. Give i(w).
-4
Let l = 2 + 3. Let v(s) = 1 + l*s**2 + s**3 + 1 + 1. Let f(b) = -10*b - 615. Let x be f(-61). Calculate v(x).
3
Let u(v) = -v**2 + v + 21. Suppose -30 = -5*i + 5*h, 13 = 4*i + 4*h - 3. Determine u(i).
1
Let m(g) = -g**2 + g + 1. Let j(b) = 3*b - 108. Let f be j(37). What is m(f)?
-5
Let h be ((-17)/(-34))/((-1)/6). Let d(z) = z**2 + 2*z - 2. Give d(h).
1
Let i(z) = -z**2 + 6*z + 10. Let l be i(7). Let q(w) be the third derivative of 0 + 0*w**l + 1/60*w**5 + 5*w**2 + 0*w**4 + 0*w - 7/120*w**6. Determine q(1).
-6
Suppose -f = f + 18. Let z be 114/(-27) + (-2)/f. Let p(t) = -2. Let w(c) = c + 11. Let d(i) = 6*p(i) + w(i). What is d(z)?
-5
Suppose -4*b = 3*p - 4, 5*p - 3*b - 18 = 2*p. Let k(h) = h - p + 152*h**3 - 7*h**2 + 3*h**2 - 151*h**3 + 2*h. Determine k(3).
-4
Let h(m) = m**2 - m - 7. Suppose -b - 11 = 2*x, 13*b - 2*x = 9*b - 4. What is h(b)?
5
Let v(z) be the first derivative of -z**3/3 - z**2/2 + z + 4. Let x be v(1). Let b(a) = 3*a + 7. Let t(i) = -i. Let s(o) = x*b(o) - 2*t(o). Determine s(-3).
-4
Let m(y) = -y**3 + 5*y**2 - 3*y - 5. Let w = 88 + -100. Let r be w/5*5/(-3). Determine m(r).
-1
Let c(q) = 2*q**2 - 27*q + 31. Let o(f) = 3*f - f**2 - 2*f**2 + 1 - 48 + 38*f. Let r(x) = -8*c(x) - 5*o(x). Give r(10).
-3
Let m(j) = -j**3 + 4*j**2 - j + 4. Let k = 34 - 6. Suppose 7*u = -0*u + k. Give m(u).
0
Suppose -15 = 5*r, 0*q + 2*r + 94 = -4*q. Let l = 34 + q. Suppose -11*d + 